{"id":104,"date":"2020-04-07T18:09:23","date_gmt":"2020-04-07T16:09:23","guid":{"rendered":"https:\/\/technikaprint.fr\/?page_id=104"},"modified":"2026-01-07T16:06:02","modified_gmt":"2026-01-07T15:06:02","slug":"banner","status":"publish","type":"page","link":"https:\/\/technikaprint.fr\/index.php\/banner\/","title":{"rendered":"Banner L"},"content":{"rendered":"\n<figure class=\"wp-block-image\"><img fetchpriority=\"high\" decoding=\"async\" width=\"1024\" height=\"287\" src=\"https:\/\/technikaprint.fr\/wp-content\/uploads\/2020\/04\/ICONE-ALBALI-1024x287.jpg\" alt=\"Kakemono Roll-up Totem Banner Stand PopUp Impression num\u00e9rique Stand Parapluie Affiche Stickers\" class=\"wp-image-204\" srcset=\"https:\/\/technikaprint.fr\/wp-content\/uploads\/2020\/04\/ICONE-ALBALI-1024x287.jpg 1024w, https:\/\/technikaprint.fr\/wp-content\/uploads\/2020\/04\/ICONE-ALBALI-300x84.jpg 300w, https:\/\/technikaprint.fr\/wp-content\/uploads\/2020\/04\/ICONE-ALBALI-768x215.jpg 768w, https:\/\/technikaprint.fr\/wp-content\/uploads\/2020\/04\/ICONE-ALBALI-1536x431.jpg 1536w, https:\/\/technikaprint.fr\/wp-content\/uploads\/2020\/04\/ICONE-ALBALI-2048x574.jpg 2048w, https:\/\/technikaprint.fr\/wp-content\/uploads\/2020\/04\/ICONE-ALBALI-360x101.jpg 360w\" sizes=\"(max-width: 1024px) 100vw, 1024px\" \/><\/figure>\n\n\n\n<figure class=\"wp-block-table\"><table><tbody><tr><td>Banner L Albali 80&#215;200 cm &#8211; Structure + visuel<\/td><td class=\"has-text-align-right\" data-align=\"right\"><strong>107.00 \u20ac HT<\/strong><\/td><\/tr><tr><td>Banner L Albali 85&#215;200 cm &#8211; Structure + visuel<\/td><td class=\"has-text-align-right\" data-align=\"right\"><strong>123.00 \u20ac HT<\/strong><\/td><\/tr><tr><td>Banner L Albali 100&#215;200 cm &#8211; Structure + visuel<\/td><td class=\"has-text-align-right\" data-align=\"right\"><strong>Rupture de stock<\/strong><\/td><\/tr><\/tbody><\/table><\/figure>\n\n\n\n<p>Le Banner Albali tient tout simplement son nom du de sa structure autoportante en forme de L. La diff\u00e9rence entre un totem et un Roll-Up est sa conception plus simplifi\u00e9e. Il n&rsquo;est pas enroulable automatiquement et l&rsquo;absence de ce m\u00e9canisme permet une visibilit\u00e9 accrue et plus \u00e9pur\u00e9e de votre visuel. Livr\u00e9 dans une housse + tube rigide, il fait partie des structures hyper transportables. Un classique du genre.<\/p>\n\n\n\n<p>Les prix annonc\u00e9s sont <strong>structure + visuel<\/strong> (comme pour toute la gamme de nos kakemonos). Des visuels en impression <a href=\"https:\/\/fusionyearbooks.zendesk.com\/hc\/fr\/articles\/207067043-Comment-v%C3%A9rifier-la-r%C3%A9solution-de-mes-photos-\" target=\"_blank\" rel=\"noreferrer noopener\"><strong><span style=\"color:#1c40ad\" class=\"has-inline-color\">haute d\u00e9finition<\/span><\/strong><\/a>, en qualit\u00e9 photo, avec des encres \u00e9co-responsables et class\u00e9s au feu \u00e0 la norme europ\u00e9enne <a href=\"https:\/\/www.actimodul.fr\/photos_site\/GaleriePDF\/Normes-et-reglementations\/Classements-feu-Reflex-60-euroclasses.pdf\" target=\"_blank\" rel=\"noreferrer noopener\"><span style=\"color:#1c40ad\" class=\"has-inline-color\"><strong>M1<\/strong><\/span><\/a> pour vous permettre une utilisation dans tous les lieux publics.<\/p>\n\n\n\n<p><strong>Fabrication Made In France. Visuel 100% recyclable.<\/strong><\/p>\n\n\n\n<hr class=\"wp-block-separator has-css-opacity\"\/>\n\n\n\n<div class=\"wp-block-file\"><a id=\"wp-block-file--media-fd28d8df-4fd3-48d9-9c60-d7ac31d9ddf9\" href=\"https:\/\/technikaprint.fr\/wp-content\/uploads\/2020\/04\/FT-ALBALI.pdf\"><strong>T\u00e9l\u00e9chargez la fiche technique<\/strong><\/a><a href=\"https:\/\/technikaprint.fr\/wp-content\/uploads\/2020\/04\/FT-ALBALI.pdf\" class=\"wp-block-file__button wp-element-button\" download aria-describedby=\"wp-block-file--media-fd28d8df-4fd3-48d9-9c60-d7ac31d9ddf9\">T\u00e9l\u00e9charger<\/a><\/div>\n\n\n\n<hr class=\"wp-block-separator has-css-opacity\"\/>\n\n\n\n<figure class=\"wp-block-gallery has-nested-images columns-default is-cropped wp-block-gallery-1 is-layout-flex wp-block-gallery-is-layout-flex\">\n<figure class=\"wp-block-image size-large\"><a href=\"https:\/\/technikaprint.fr\/wp-content\/uploads\/2020\/04\/GAL-ALBALI-01.jpg\"><img decoding=\"async\" width=\"887\" height=\"887\" data-id=\"1239\" src=\"https:\/\/technikaprint.fr\/wp-content\/uploads\/2020\/04\/GAL-ALBALI-01.jpg\" alt=\"\" class=\"wp-image-1239\" srcset=\"https:\/\/technikaprint.fr\/wp-content\/uploads\/2020\/04\/GAL-ALBALI-01.jpg 887w, https:\/\/technikaprint.fr\/wp-content\/uploads\/2020\/04\/GAL-ALBALI-01-300x300.jpg 300w, https:\/\/technikaprint.fr\/wp-content\/uploads\/2020\/04\/GAL-ALBALI-01-150x150.jpg 150w, https:\/\/technikaprint.fr\/wp-content\/uploads\/2020\/04\/GAL-ALBALI-01-768x768.jpg 768w, https:\/\/technikaprint.fr\/wp-content\/uploads\/2020\/04\/GAL-ALBALI-01-270x270.jpg 270w\" sizes=\"(max-width: 887px) 100vw, 887px\" \/><\/a><figcaption class=\"wp-element-caption\"><strong>Banner L<\/strong> &#8211; Albali<\/figcaption><\/figure>\n\n\n\n<figure class=\"wp-block-image size-large\"><a href=\"https:\/\/technikaprint.fr\/wp-content\/uploads\/2020\/04\/GAL-ALBALI-02.jpg\"><img decoding=\"async\" width=\"887\" height=\"887\" data-id=\"1240\" src=\"https:\/\/technikaprint.fr\/wp-content\/uploads\/2020\/04\/GAL-ALBALI-02.jpg\" alt=\"\" class=\"wp-image-1240\" srcset=\"https:\/\/technikaprint.fr\/wp-content\/uploads\/2020\/04\/GAL-ALBALI-02.jpg 887w, https:\/\/technikaprint.fr\/wp-content\/uploads\/2020\/04\/GAL-ALBALI-02-300x300.jpg 300w, https:\/\/technikaprint.fr\/wp-content\/uploads\/2020\/04\/GAL-ALBALI-02-150x150.jpg 150w, https:\/\/technikaprint.fr\/wp-content\/uploads\/2020\/04\/GAL-ALBALI-02-768x768.jpg 768w, https:\/\/technikaprint.fr\/wp-content\/uploads\/2020\/04\/GAL-ALBALI-02-270x270.jpg 270w\" sizes=\"(max-width: 887px) 100vw, 887px\" \/><\/a><figcaption class=\"wp-element-caption\"><strong>Visuel de plain pied<\/strong><\/figcaption><\/figure>\n\n\n\n<figure class=\"wp-block-image size-large\"><a href=\"https:\/\/technikaprint.fr\/wp-content\/uploads\/2020\/04\/GAL-ALBALI-03.jpg\"><img loading=\"lazy\" decoding=\"async\" width=\"887\" height=\"887\" data-id=\"1241\" src=\"https:\/\/technikaprint.fr\/wp-content\/uploads\/2020\/04\/GAL-ALBALI-03.jpg\" alt=\"\" class=\"wp-image-1241\" srcset=\"https:\/\/technikaprint.fr\/wp-content\/uploads\/2020\/04\/GAL-ALBALI-03.jpg 887w, https:\/\/technikaprint.fr\/wp-content\/uploads\/2020\/04\/GAL-ALBALI-03-300x300.jpg 300w, https:\/\/technikaprint.fr\/wp-content\/uploads\/2020\/04\/GAL-ALBALI-03-150x150.jpg 150w, https:\/\/technikaprint.fr\/wp-content\/uploads\/2020\/04\/GAL-ALBALI-03-768x768.jpg 768w, https:\/\/technikaprint.fr\/wp-content\/uploads\/2020\/04\/GAL-ALBALI-03-270x270.jpg 270w\" sizes=\"(max-width: 887px) 100vw, 887px\" \/><\/a><figcaption class=\"wp-element-caption\"><strong>M\u00e2t T\u00e9lescopique<\/strong><\/figcaption><\/figure>\n<\/figure>\n\n\n\n<p>Design, l\u00e9ger, stable, et simple d\u2019utilisation, le changement du visuel s&rsquo;effectue tr\u00e8s rapidement gr\u00e2ce aux 2 Rails clippants : 1 sup\u00e9rieur et 1 inf\u00e9rieur. C&rsquo;est donc un atout \u00e9conomique non n\u00e9gligeable quand on sait qu&rsquo;il est n\u00e9cessaire de renvoyer les structures <a href=\"https:\/\/technikaprint.fr\/index.php\/roll-up\/\"><strong><span style=\"color:#1c40ad\" class=\"has-inline-color\">Roll-up<\/span><\/strong><\/a> (dites \u00ab\u00a0Enrouleur\u00a0\u00bb) pour un changement de visuel. Avec l&rsquo;Albali, commandez vos visuels de r\u00e9assort et changez les vous-m\u00eames.<\/p>\n\n\n\n<figure class=\"wp-block-gallery has-nested-images columns-default is-cropped wp-block-gallery-2 is-layout-flex wp-block-gallery-is-layout-flex\">\n<figure class=\"wp-block-image size-large\"><a href=\"https:\/\/technikaprint.fr\/wp-content\/uploads\/2020\/04\/GAL-ALBALI-04.jpg\"><img loading=\"lazy\" decoding=\"async\" width=\"887\" height=\"887\" data-id=\"1242\" src=\"https:\/\/technikaprint.fr\/wp-content\/uploads\/2020\/04\/GAL-ALBALI-04.jpg\" alt=\"\" class=\"wp-image-1242\" srcset=\"https:\/\/technikaprint.fr\/wp-content\/uploads\/2020\/04\/GAL-ALBALI-04.jpg 887w, https:\/\/technikaprint.fr\/wp-content\/uploads\/2020\/04\/GAL-ALBALI-04-300x300.jpg 300w, https:\/\/technikaprint.fr\/wp-content\/uploads\/2020\/04\/GAL-ALBALI-04-150x150.jpg 150w, https:\/\/technikaprint.fr\/wp-content\/uploads\/2020\/04\/GAL-ALBALI-04-768x768.jpg 768w, https:\/\/technikaprint.fr\/wp-content\/uploads\/2020\/04\/GAL-ALBALI-04-270x270.jpg 270w\" sizes=\"(max-width: 887px) 100vw, 887px\" \/><\/a><figcaption class=\"wp-element-caption\">Le fameux s<strong>yst\u00e8me \u00ab\u00a0L\u00a0\u00bb<\/strong><\/figcaption><\/figure>\n\n\n\n<figure class=\"wp-block-image size-large\"><a href=\"https:\/\/technikaprint.fr\/wp-content\/uploads\/2020\/04\/GAL-ALBALI-06.jpg\"><img loading=\"lazy\" decoding=\"async\" width=\"887\" height=\"887\" data-id=\"1244\" src=\"https:\/\/technikaprint.fr\/wp-content\/uploads\/2020\/04\/GAL-ALBALI-06.jpg\" alt=\"\" class=\"wp-image-1244\" srcset=\"https:\/\/technikaprint.fr\/wp-content\/uploads\/2020\/04\/GAL-ALBALI-06.jpg 887w, https:\/\/technikaprint.fr\/wp-content\/uploads\/2020\/04\/GAL-ALBALI-06-300x300.jpg 300w, https:\/\/technikaprint.fr\/wp-content\/uploads\/2020\/04\/GAL-ALBALI-06-150x150.jpg 150w, https:\/\/technikaprint.fr\/wp-content\/uploads\/2020\/04\/GAL-ALBALI-06-768x768.jpg 768w, https:\/\/technikaprint.fr\/wp-content\/uploads\/2020\/04\/GAL-ALBALI-06-270x270.jpg 270w\" sizes=\"(max-width: 887px) 100vw, 887px\" \/><\/a><figcaption class=\"wp-element-caption\"><strong>Profil\u00e9s aluminium<\/strong><\/figcaption><\/figure>\n\n\n\n<figure class=\"wp-block-image size-large\"><a href=\"https:\/\/technikaprint.fr\/wp-content\/uploads\/2020\/04\/GAL-ALBALI-05.jpg\"><img loading=\"lazy\" decoding=\"async\" width=\"887\" height=\"887\" data-id=\"1243\" src=\"https:\/\/technikaprint.fr\/wp-content\/uploads\/2020\/04\/GAL-ALBALI-05.jpg\" alt=\"\" class=\"wp-image-1243\" srcset=\"https:\/\/technikaprint.fr\/wp-content\/uploads\/2020\/04\/GAL-ALBALI-05.jpg 887w, https:\/\/technikaprint.fr\/wp-content\/uploads\/2020\/04\/GAL-ALBALI-05-300x300.jpg 300w, https:\/\/technikaprint.fr\/wp-content\/uploads\/2020\/04\/GAL-ALBALI-05-150x150.jpg 150w, https:\/\/technikaprint.fr\/wp-content\/uploads\/2020\/04\/GAL-ALBALI-05-768x768.jpg 768w, https:\/\/technikaprint.fr\/wp-content\/uploads\/2020\/04\/GAL-ALBALI-05-270x270.jpg 270w\" sizes=\"(max-width: 887px) 100vw, 887px\" \/><\/a><figcaption class=\"wp-element-caption\"><strong>Housse avec tube carton<\/strong><\/figcaption><\/figure>\n<\/figure>\n\n\n\n<figure class=\"wp-block-video aligncenter\"><video height=\"240\" style=\"aspect-ratio: 320 \/ 240;\" width=\"320\" controls src=\"https:\/\/technikaprint.fr\/wp-content\/uploads\/2020\/04\/ALBALI-VIDEO.mp4\"><\/video><\/figure>\n\n\n\n<hr class=\"wp-block-separator has-css-opacity\"\/>\n\n\n\n<figure class=\"wp-block-image size-large\"><a href=\"https:\/\/technikaprint.fr\/index.php\/contact-stand-on-line\/\"><img loading=\"lazy\" decoding=\"async\" width=\"1024\" height=\"171\" src=\"https:\/\/technikaprint.fr\/wp-content\/uploads\/2020\/05\/DEVIS-1024x171.jpg\" alt=\"Roll-up, Kakemono, Stand parapluie, Totem, Standonline\" class=\"wp-image-2101\" srcset=\"https:\/\/technikaprint.fr\/wp-content\/uploads\/2020\/05\/DEVIS-1024x171.jpg 1024w, https:\/\/technikaprint.fr\/wp-content\/uploads\/2020\/05\/DEVIS-300x50.jpg 300w, https:\/\/technikaprint.fr\/wp-content\/uploads\/2020\/05\/DEVIS-768x128.jpg 768w, https:\/\/technikaprint.fr\/wp-content\/uploads\/2020\/05\/DEVIS-360x60.jpg 360w, https:\/\/technikaprint.fr\/wp-content\/uploads\/2020\/05\/DEVIS.jpg 1417w\" sizes=\"(max-width: 1024px) 100vw, 1024px\" \/><\/a><\/figure>\n","protected":false},"excerpt":{"rendered":"<p>Banner L Albali 80&#215;200 cm &#8211; Structure + visuel 107.00 \u20ac HT Banner L Albali 85&#215;200 cm &#8211; Structure + visuel 123.00 \u20ac HT Banner L Albali 100&#215;200 cm &#8211; Structure + visuel Rupture de stock Le Banner Albali tient&hellip;&nbsp;<a href=\"https:\/\/technikaprint.fr\/index.php\/banner\/\" class=\"more-link\">Lire la suite<\/a><\/p>\n","protected":false},"author":1,"featured_media":0,"parent":0,"menu_order":0,"comment_status":"closed","ping_status":"closed","template":"","meta":{"_monsterinsights_skip_tracking":false,"_monsterinsights_sitenote_active":false,"_monsterinsights_sitenote_note":"","_monsterinsights_sitenote_category":0,"footnotes":""},"class_list":["post-104","page","type-page","status-publish","hentry"],"yoast_head":"<!-- This site is optimized with the Yoast SEO plugin v27.4 - https:\/\/yoast.com\/product\/yoast-seo-wordpress\/ -->\n<title>Banner - Stand On Line I Made in France I Gamme compl\u00e8te I Discount<\/title>\n<meta name=\"description\" content=\"Banner au meilleur prix avec Stand On Line, gamme compl\u00e8te de Roll-up, pr\u00eats en 24\/48H pour tous vos \u00e9v\u00e9nements. Appelez vite 01 72 88 38 93\" \/>\n<meta name=\"robots\" content=\"index, follow, max-snippet:-1, max-image-preview:large, max-video-preview:-1\" \/>\n<link rel=\"canonical\" href=\"https:\/\/technikaprint.fr\/index.php\/banner\/\" \/>\n<meta property=\"og:locale\" content=\"fr_FR\" \/>\n<meta property=\"og:type\" content=\"article\" \/>\n<meta property=\"og:title\" content=\"Banner - Stand On Line I Made in France I Gamme compl\u00e8te I Discount\" \/>\n<meta property=\"og:description\" content=\"Banner au meilleur prix avec Stand On Line, gamme compl\u00e8te de Roll-up, pr\u00eats en 24\/48H pour tous vos \u00e9v\u00e9nements. Appelez vite 01 72 88 38 93\" \/>\n<meta property=\"og:url\" content=\"https:\/\/technikaprint.fr\/index.php\/banner\/\" \/>\n<meta property=\"og:site_name\" content=\"Stand On Line\" \/>\n<meta property=\"article:publisher\" content=\"https:\/\/www.facebook.com\/technikaprint\/\" \/>\n<meta property=\"article:modified_time\" content=\"2026-01-07T15:06:02+00:00\" \/>\n<meta property=\"og:image\" content=\"https:\/\/technikaprint.fr\/wp-content\/uploads\/2020\/04\/ICONE-ALBALI.jpg\" \/>\n\t<meta property=\"og:image:width\" content=\"2239\" \/>\n\t<meta property=\"og:image:height\" content=\"628\" \/>\n\t<meta property=\"og:image:type\" content=\"image\/jpeg\" \/>\n<meta name=\"twitter:card\" content=\"summary_large_image\" \/>\n<meta name=\"twitter:label1\" content=\"Dur\u00e9e de lecture estim\u00e9e\" \/>\n\t<meta name=\"twitter:data1\" content=\"3 minutes\" \/>\n<script type=\"application\/ld+json\" class=\"yoast-schema-graph\">{\"@context\":\"https:\\\/\\\/schema.org\",\"@graph\":[{\"@type\":\"WebPage\",\"@id\":\"https:\\\/\\\/technikaprint.fr\\\/index.php\\\/banner\\\/\",\"url\":\"https:\\\/\\\/technikaprint.fr\\\/index.php\\\/banner\\\/\",\"name\":\"Banner - Stand On Line I Made in France I Gamme compl\u00e8te I Discount\",\"isPartOf\":{\"@id\":\"https:\\\/\\\/technikaprint.fr\\\/#website\"},\"primaryImageOfPage\":{\"@id\":\"https:\\\/\\\/technikaprint.fr\\\/index.php\\\/banner\\\/#primaryimage\"},\"image\":{\"@id\":\"https:\\\/\\\/technikaprint.fr\\\/index.php\\\/banner\\\/#primaryimage\"},\"thumbnailUrl\":\"https:\\\/\\\/technikaprint.fr\\\/wp-content\\\/uploads\\\/2020\\\/04\\\/ICONE-ALBALI-1024x287.jpg\",\"datePublished\":\"2020-04-07T16:09:23+00:00\",\"dateModified\":\"2026-01-07T15:06:02+00:00\",\"description\":\"Banner au meilleur prix avec Stand On Line, gamme compl\u00e8te de Roll-up, pr\u00eats en 24\\\/48H pour tous vos \u00e9v\u00e9nements. Appelez vite 01 72 88 38 93\",\"breadcrumb\":{\"@id\":\"https:\\\/\\\/technikaprint.fr\\\/index.php\\\/banner\\\/#breadcrumb\"},\"inLanguage\":\"fr-FR\",\"potentialAction\":[{\"@type\":\"ReadAction\",\"target\":[\"https:\\\/\\\/technikaprint.fr\\\/index.php\\\/banner\\\/\"]}]},{\"@type\":\"ImageObject\",\"inLanguage\":\"fr-FR\",\"@id\":\"https:\\\/\\\/technikaprint.fr\\\/index.php\\\/banner\\\/#primaryimage\",\"url\":\"https:\\\/\\\/technikaprint.fr\\\/wp-content\\\/uploads\\\/2020\\\/04\\\/ICONE-ALBALI.jpg\",\"contentUrl\":\"https:\\\/\\\/technikaprint.fr\\\/wp-content\\\/uploads\\\/2020\\\/04\\\/ICONE-ALBALI.jpg\",\"width\":2239,\"height\":628},{\"@type\":\"BreadcrumbList\",\"@id\":\"https:\\\/\\\/technikaprint.fr\\\/index.php\\\/banner\\\/#breadcrumb\",\"itemListElement\":[{\"@type\":\"ListItem\",\"position\":1,\"name\":\"Accueil\",\"item\":\"https:\\\/\\\/technikaprint.fr\\\/\"},{\"@type\":\"ListItem\",\"position\":2,\"name\":\"Banner L\"}]},{\"@type\":\"WebSite\",\"@id\":\"https:\\\/\\\/technikaprint.fr\\\/#website\",\"url\":\"https:\\\/\\\/technikaprint.fr\\\/\",\"name\":\"Stand On Line\",\"description\":\"La boutique du Roll-up\",\"publisher\":{\"@id\":\"https:\\\/\\\/technikaprint.fr\\\/#organization\"},\"potentialAction\":[{\"@type\":\"SearchAction\",\"target\":{\"@type\":\"EntryPoint\",\"urlTemplate\":\"https:\\\/\\\/technikaprint.fr\\\/?s={search_term_string}\"},\"query-input\":{\"@type\":\"PropertyValueSpecification\",\"valueRequired\":true,\"valueName\":\"search_term_string\"}}],\"inLanguage\":\"fr-FR\"},{\"@type\":\"Organization\",\"@id\":\"https:\\\/\\\/technikaprint.fr\\\/#organization\",\"name\":\"Stand On Line \\\/ Technika-Print\",\"url\":\"https:\\\/\\\/technikaprint.fr\\\/\",\"logo\":{\"@type\":\"ImageObject\",\"inLanguage\":\"fr-FR\",\"@id\":\"https:\\\/\\\/technikaprint.fr\\\/#\\\/schema\\\/logo\\\/image\\\/\",\"url\":\"https:\\\/\\\/technikaprint.fr\\\/wp-content\\\/uploads\\\/2020\\\/04\\\/SOL-AU-CARRE.jpg\",\"contentUrl\":\"https:\\\/\\\/technikaprint.fr\\\/wp-content\\\/uploads\\\/2020\\\/04\\\/SOL-AU-CARRE.jpg\",\"width\":1705,\"height\":1705,\"caption\":\"Stand On Line \\\/ Technika-Print\"},\"image\":{\"@id\":\"https:\\\/\\\/technikaprint.fr\\\/#\\\/schema\\\/logo\\\/image\\\/\"},\"sameAs\":[\"https:\\\/\\\/www.facebook.com\\\/technikaprint\\\/\",\"https:\\\/\\\/www.linkedin.com\\\/in\\\/yann-phetsanghane-50763315b\\\/\"]}]}<\/script>\n<!-- \/ Yoast SEO plugin. -->","yoast_head_json":{"title":"Banner - Stand On Line I Made in France I Gamme compl\u00e8te I Discount","description":"Banner au meilleur prix avec Stand On Line, gamme compl\u00e8te de Roll-up, pr\u00eats en 24\/48H pour tous vos \u00e9v\u00e9nements. Appelez vite 01 72 88 38 93","robots":{"index":"index","follow":"follow","max-snippet":"max-snippet:-1","max-image-preview":"max-image-preview:large","max-video-preview":"max-video-preview:-1"},"canonical":"https:\/\/technikaprint.fr\/index.php\/banner\/","og_locale":"fr_FR","og_type":"article","og_title":"Banner - Stand On Line I Made in France I Gamme compl\u00e8te I Discount","og_description":"Banner au meilleur prix avec Stand On Line, gamme compl\u00e8te de Roll-up, pr\u00eats en 24\/48H pour tous vos \u00e9v\u00e9nements. Appelez vite 01 72 88 38 93","og_url":"https:\/\/technikaprint.fr\/index.php\/banner\/","og_site_name":"Stand On Line","article_publisher":"https:\/\/www.facebook.com\/technikaprint\/","article_modified_time":"2026-01-07T15:06:02+00:00","og_image":[{"width":2239,"height":628,"url":"https:\/\/technikaprint.fr\/wp-content\/uploads\/2020\/04\/ICONE-ALBALI.jpg","type":"image\/jpeg"}],"twitter_card":"summary_large_image","twitter_misc":{"Dur\u00e9e de lecture estim\u00e9e":"3 minutes"},"schema":{"@context":"https:\/\/schema.org","@graph":[{"@type":"WebPage","@id":"https:\/\/technikaprint.fr\/index.php\/banner\/","url":"https:\/\/technikaprint.fr\/index.php\/banner\/","name":"Banner - Stand On Line I Made in France I Gamme compl\u00e8te I Discount","isPartOf":{"@id":"https:\/\/technikaprint.fr\/#website"},"primaryImageOfPage":{"@id":"https:\/\/technikaprint.fr\/index.php\/banner\/#primaryimage"},"image":{"@id":"https:\/\/technikaprint.fr\/index.php\/banner\/#primaryimage"},"thumbnailUrl":"https:\/\/technikaprint.fr\/wp-content\/uploads\/2020\/04\/ICONE-ALBALI-1024x287.jpg","datePublished":"2020-04-07T16:09:23+00:00","dateModified":"2026-01-07T15:06:02+00:00","description":"Banner au meilleur prix avec Stand On Line, gamme compl\u00e8te de Roll-up, pr\u00eats en 24\/48H pour tous vos \u00e9v\u00e9nements. Appelez vite 01 72 88 38 93","breadcrumb":{"@id":"https:\/\/technikaprint.fr\/index.php\/banner\/#breadcrumb"},"inLanguage":"fr-FR","potentialAction":[{"@type":"ReadAction","target":["https:\/\/technikaprint.fr\/index.php\/banner\/"]}]},{"@type":"ImageObject","inLanguage":"fr-FR","@id":"https:\/\/technikaprint.fr\/index.php\/banner\/#primaryimage","url":"https:\/\/technikaprint.fr\/wp-content\/uploads\/2020\/04\/ICONE-ALBALI.jpg","contentUrl":"https:\/\/technikaprint.fr\/wp-content\/uploads\/2020\/04\/ICONE-ALBALI.jpg","width":2239,"height":628},{"@type":"BreadcrumbList","@id":"https:\/\/technikaprint.fr\/index.php\/banner\/#breadcrumb","itemListElement":[{"@type":"ListItem","position":1,"name":"Accueil","item":"https:\/\/technikaprint.fr\/"},{"@type":"ListItem","position":2,"name":"Banner L"}]},{"@type":"WebSite","@id":"https:\/\/technikaprint.fr\/#website","url":"https:\/\/technikaprint.fr\/","name":"Stand On Line","description":"La boutique du Roll-up","publisher":{"@id":"https:\/\/technikaprint.fr\/#organization"},"potentialAction":[{"@type":"SearchAction","target":{"@type":"EntryPoint","urlTemplate":"https:\/\/technikaprint.fr\/?s={search_term_string}"},"query-input":{"@type":"PropertyValueSpecification","valueRequired":true,"valueName":"search_term_string"}}],"inLanguage":"fr-FR"},{"@type":"Organization","@id":"https:\/\/technikaprint.fr\/#organization","name":"Stand On Line \/ Technika-Print","url":"https:\/\/technikaprint.fr\/","logo":{"@type":"ImageObject","inLanguage":"fr-FR","@id":"https:\/\/technikaprint.fr\/#\/schema\/logo\/image\/","url":"https:\/\/technikaprint.fr\/wp-content\/uploads\/2020\/04\/SOL-AU-CARRE.jpg","contentUrl":"https:\/\/technikaprint.fr\/wp-content\/uploads\/2020\/04\/SOL-AU-CARRE.jpg","width":1705,"height":1705,"caption":"Stand On Line \/ Technika-Print"},"image":{"@id":"https:\/\/technikaprint.fr\/#\/schema\/logo\/image\/"},"sameAs":["https:\/\/www.facebook.com\/technikaprint\/","https:\/\/www.linkedin.com\/in\/yann-phetsanghane-50763315b\/"]}]}},"_links":{"self":[{"href":"https:\/\/technikaprint.fr\/index.php\/wp-json\/wp\/v2\/pages\/104","targetHints":{"allow":["GET"]}}],"collection":[{"href":"https:\/\/technikaprint.fr\/index.php\/wp-json\/wp\/v2\/pages"}],"about":[{"href":"https:\/\/technikaprint.fr\/index.php\/wp-json\/wp\/v2\/types\/page"}],"author":[{"embeddable":true,"href":"https:\/\/technikaprint.fr\/index.php\/wp-json\/wp\/v2\/users\/1"}],"replies":[{"embeddable":true,"href":"https:\/\/technikaprint.fr\/index.php\/wp-json\/wp\/v2\/comments?post=104"}],"version-history":[{"count":38,"href":"https:\/\/technikaprint.fr\/index.php\/wp-json\/wp\/v2\/pages\/104\/revisions"}],"predecessor-version":[{"id":3066,"href":"https:\/\/technikaprint.fr\/index.php\/wp-json\/wp\/v2\/pages\/104\/revisions\/3066"}],"wp:attachment":[{"href":"https:\/\/technikaprint.fr\/index.php\/wp-json\/wp\/v2\/media?parent=104"}],"curies":[{"name":"wp","href":"https:\/\/api.w.org\/{rel}","templated":true}]}}