{"id":266,"date":"2020-04-08T16:00:11","date_gmt":"2020-04-08T14:00:11","guid":{"rendered":"https:\/\/technikaprint.fr\/?page_id=266"},"modified":"2026-01-07T16:22:46","modified_gmt":"2026-01-07T15:22:46","slug":"spot","status":"publish","type":"page","link":"https:\/\/technikaprint.fr\/index.php\/spot\/","title":{"rendered":"Spots"},"content":{"rendered":"\n<hr class=\"wp-block-separator has-css-opacity\"\/>\n\n\n\n<div class=\"wp-block-media-text alignwide is-stacked-on-mobile\"><figure class=\"wp-block-media-text__media\"><img fetchpriority=\"high\" decoding=\"async\" width=\"856\" height=\"856\" src=\"https:\/\/technikaprint.fr\/wp-content\/uploads\/2025\/02\/CARRE-SPOT-LED-1.jpg\" alt=\"\" class=\"wp-image-2713 size-full\" srcset=\"https:\/\/technikaprint.fr\/wp-content\/uploads\/2025\/02\/CARRE-SPOT-LED-1.jpg 856w, https:\/\/technikaprint.fr\/wp-content\/uploads\/2025\/02\/CARRE-SPOT-LED-1-300x300.jpg 300w, https:\/\/technikaprint.fr\/wp-content\/uploads\/2025\/02\/CARRE-SPOT-LED-1-150x150.jpg 150w, https:\/\/technikaprint.fr\/wp-content\/uploads\/2025\/02\/CARRE-SPOT-LED-1-768x768.jpg 768w, https:\/\/technikaprint.fr\/wp-content\/uploads\/2025\/02\/CARRE-SPOT-LED-1-270x270.jpg 270w\" sizes=\"(max-width: 856px) 100vw, 856px\" \/><\/figure><div class=\"wp-block-media-text__content\">\n<p>Les spots <a href=\"https:\/\/fr.wikipedia.org\/wiki\/Diode_%C3%A9lectroluminescente\" target=\"_blank\" rel=\"noreferrer noopener\">LED<\/a> pour stand parapluie sont l&rsquo;\u00e9volution logique de la version halog\u00e8ne. Les&nbsp;LED&nbsp;fonctionnent en tr\u00e8s basse tension et \u00e0 basses temp\u00e9ratures, ce qui peut \u00eatre un&nbsp;avantage&nbsp;pour la s\u00e9curit\u00e9 \u00e9lectrique sur votre lieu d&rsquo;exposition. Avec un \u00e9chauffement de seulement 32\u00b0C et une consommation plus faible que les ampoules halog\u00e8nes, vous contribuez au respect de l&rsquo;environnement.<\/p>\n<\/div><\/div>\n\n\n\n<figure class=\"wp-block-table\"><table><tbody><tr><td>Spot LED 90 watts restitu\u00e9 pour stand parapluie &#8211; Couleur : Noir<\/td><td class=\"has-text-align-right\" data-align=\"right\"><strong>132.00 \u20ac HT<\/strong><\/td><\/tr><tr><td>Fixation murale autobloquante &#8211; \u00c9paisseur cloison max 53 mm<\/td><td class=\"has-text-align-right\" data-align=\"right\"><strong>19.00 \u20ac HT<\/strong><\/td><\/tr><tr><td>Patte de maintien pour fixation d&rsquo;un spot sur armature de stand Khara.<\/td><td class=\"has-text-align-right\" data-align=\"right\"><strong>9.50 \u20ac HT<\/strong><\/td><\/tr><tr><td>Patte de maintien pour fixation d&rsquo;un spot sur armature de stand Atria.<\/td><td class=\"has-text-align-right\" data-align=\"right\"><strong>9.50 \u20ac HT<\/strong><\/td><\/tr><\/tbody><\/table><figcaption class=\"wp-element-caption\">Temp. 5500 Kelvin &#8211; Lumi\u00e8re 1400 Lumen &#8211; R\u00e9pond aux normes de s\u00e9curit\u00e9 et est certifi\u00e9 CE<\/figcaption><\/figure>\n\n\n\n<figure class=\"wp-block-image size-large\"><a href=\"https:\/\/technikaprint.fr\/index.php\/contact-stand-on-line\/\"><img decoding=\"async\" width=\"1024\" height=\"171\" src=\"https:\/\/technikaprint.fr\/wp-content\/uploads\/2020\/05\/DEVIS-1-1024x171.jpg\" alt=\"\" class=\"wp-image-2133\" srcset=\"https:\/\/technikaprint.fr\/wp-content\/uploads\/2020\/05\/DEVIS-1-1024x171.jpg 1024w, https:\/\/technikaprint.fr\/wp-content\/uploads\/2020\/05\/DEVIS-1-300x50.jpg 300w, https:\/\/technikaprint.fr\/wp-content\/uploads\/2020\/05\/DEVIS-1-768x128.jpg 768w, https:\/\/technikaprint.fr\/wp-content\/uploads\/2020\/05\/DEVIS-1-360x60.jpg 360w, https:\/\/technikaprint.fr\/wp-content\/uploads\/2020\/05\/DEVIS-1.jpg 1417w\" sizes=\"(max-width: 1024px) 100vw, 1024px\" \/><\/a><\/figure>\n\n\n\n<p><\/p>\n","protected":false},"excerpt":{"rendered":"<p>Les spots LED pour stand parapluie sont l&rsquo;\u00e9volution logique de la version halog\u00e8ne. Les&nbsp;LED&nbsp;fonctionnent en tr\u00e8s basse tension et \u00e0 basses temp\u00e9ratures, ce qui peut \u00eatre un&nbsp;avantage&nbsp;pour la s\u00e9curit\u00e9 \u00e9lectrique sur votre lieu d&rsquo;exposition. Avec un \u00e9chauffement de seulement 32\u00b0C&hellip;&nbsp;<a href=\"https:\/\/technikaprint.fr\/index.php\/spot\/\" class=\"more-link\">Lire la suite<\/a><\/p>\n","protected":false},"author":1,"featured_media":0,"parent":0,"menu_order":0,"comment_status":"closed","ping_status":"closed","template":"","meta":{"_monsterinsights_skip_tracking":false,"_monsterinsights_sitenote_active":false,"_monsterinsights_sitenote_note":"","_monsterinsights_sitenote_category":0,"footnotes":""},"class_list":["post-266","page","type-page","status-publish","hentry"],"yoast_head":"<!-- This site is optimized with the Yoast SEO plugin v27.5 - https:\/\/yoast.com\/product\/yoast-seo-wordpress\/ -->\n<title>Spot - Stand On Line - Gamme de spots pour mettre en valeur vos visuels<\/title>\n<meta name=\"description\" content=\"Spot. Halog\u00e8ne ou LED, ils mettent en valeur vos stands parapluie et vos Roll-Up. Egalement pour \u00e9clairer les tableaux dans les galeries.\" \/>\n<meta name=\"robots\" content=\"index, follow, max-snippet:-1, max-image-preview:large, max-video-preview:-1\" \/>\n<link rel=\"canonical\" href=\"https:\/\/technikaprint.fr\/index.php\/spot\/\" \/>\n<meta property=\"og:locale\" content=\"fr_FR\" \/>\n<meta property=\"og:type\" content=\"article\" \/>\n<meta property=\"og:title\" content=\"Spot - Stand On Line - Gamme de spots pour mettre en valeur vos visuels\" \/>\n<meta property=\"og:description\" content=\"Spot. Halog\u00e8ne ou LED, ils mettent en valeur vos stands parapluie et vos Roll-Up. Egalement pour \u00e9clairer les tableaux dans les galeries.\" \/>\n<meta property=\"og:url\" content=\"https:\/\/technikaprint.fr\/index.php\/spot\/\" \/>\n<meta property=\"og:site_name\" content=\"Stand On Line\" \/>\n<meta property=\"article:publisher\" content=\"https:\/\/www.facebook.com\/technikaprint\/\" \/>\n<meta property=\"article:modified_time\" content=\"2026-01-07T15:22:46+00:00\" \/>\n<meta property=\"og:image\" content=\"https:\/\/technikaprint.fr\/wp-content\/uploads\/2025\/02\/CARRE-SPOT-LED-1.jpg\" \/>\n\t<meta property=\"og:image:width\" content=\"856\" \/>\n\t<meta property=\"og:image:height\" content=\"856\" \/>\n\t<meta property=\"og:image:type\" content=\"image\/jpeg\" \/>\n<meta name=\"twitter:card\" content=\"summary_large_image\" \/>\n<meta name=\"twitter:label1\" content=\"Dur\u00e9e de lecture estim\u00e9e\" \/>\n\t<meta name=\"twitter:data1\" content=\"2 minutes\" \/>\n<script type=\"application\/ld+json\" class=\"yoast-schema-graph\">{\"@context\":\"https:\\\/\\\/schema.org\",\"@graph\":[{\"@type\":\"WebPage\",\"@id\":\"https:\\\/\\\/technikaprint.fr\\\/index.php\\\/spot\\\/\",\"url\":\"https:\\\/\\\/technikaprint.fr\\\/index.php\\\/spot\\\/\",\"name\":\"Spot - Stand On Line - Gamme de spots pour mettre en valeur vos visuels\",\"isPartOf\":{\"@id\":\"https:\\\/\\\/technikaprint.fr\\\/#website\"},\"primaryImageOfPage\":{\"@id\":\"https:\\\/\\\/technikaprint.fr\\\/index.php\\\/spot\\\/#primaryimage\"},\"image\":{\"@id\":\"https:\\\/\\\/technikaprint.fr\\\/index.php\\\/spot\\\/#primaryimage\"},\"thumbnailUrl\":\"https:\\\/\\\/technikaprint.fr\\\/wp-content\\\/uploads\\\/2025\\\/02\\\/CARRE-SPOT-LED-1.jpg\",\"datePublished\":\"2020-04-08T14:00:11+00:00\",\"dateModified\":\"2026-01-07T15:22:46+00:00\",\"description\":\"Spot. Halog\u00e8ne ou LED, ils mettent en valeur vos stands parapluie et vos Roll-Up. Egalement pour \u00e9clairer les tableaux dans les galeries.\",\"breadcrumb\":{\"@id\":\"https:\\\/\\\/technikaprint.fr\\\/index.php\\\/spot\\\/#breadcrumb\"},\"inLanguage\":\"fr-FR\",\"potentialAction\":[{\"@type\":\"ReadAction\",\"target\":[\"https:\\\/\\\/technikaprint.fr\\\/index.php\\\/spot\\\/\"]}]},{\"@type\":\"ImageObject\",\"inLanguage\":\"fr-FR\",\"@id\":\"https:\\\/\\\/technikaprint.fr\\\/index.php\\\/spot\\\/#primaryimage\",\"url\":\"https:\\\/\\\/technikaprint.fr\\\/wp-content\\\/uploads\\\/2025\\\/02\\\/CARRE-SPOT-LED-1.jpg\",\"contentUrl\":\"https:\\\/\\\/technikaprint.fr\\\/wp-content\\\/uploads\\\/2025\\\/02\\\/CARRE-SPOT-LED-1.jpg\",\"width\":856,\"height\":856},{\"@type\":\"BreadcrumbList\",\"@id\":\"https:\\\/\\\/technikaprint.fr\\\/index.php\\\/spot\\\/#breadcrumb\",\"itemListElement\":[{\"@type\":\"ListItem\",\"position\":1,\"name\":\"Accueil\",\"item\":\"https:\\\/\\\/technikaprint.fr\\\/\"},{\"@type\":\"ListItem\",\"position\":2,\"name\":\"Spots\"}]},{\"@type\":\"WebSite\",\"@id\":\"https:\\\/\\\/technikaprint.fr\\\/#website\",\"url\":\"https:\\\/\\\/technikaprint.fr\\\/\",\"name\":\"Stand On Line\",\"description\":\"La boutique du Roll-up\",\"publisher\":{\"@id\":\"https:\\\/\\\/technikaprint.fr\\\/#organization\"},\"potentialAction\":[{\"@type\":\"SearchAction\",\"target\":{\"@type\":\"EntryPoint\",\"urlTemplate\":\"https:\\\/\\\/technikaprint.fr\\\/?s={search_term_string}\"},\"query-input\":{\"@type\":\"PropertyValueSpecification\",\"valueRequired\":true,\"valueName\":\"search_term_string\"}}],\"inLanguage\":\"fr-FR\"},{\"@type\":\"Organization\",\"@id\":\"https:\\\/\\\/technikaprint.fr\\\/#organization\",\"name\":\"Stand On Line \\\/ Technika-Print\",\"url\":\"https:\\\/\\\/technikaprint.fr\\\/\",\"logo\":{\"@type\":\"ImageObject\",\"inLanguage\":\"fr-FR\",\"@id\":\"https:\\\/\\\/technikaprint.fr\\\/#\\\/schema\\\/logo\\\/image\\\/\",\"url\":\"https:\\\/\\\/technikaprint.fr\\\/wp-content\\\/uploads\\\/2020\\\/04\\\/SOL-AU-CARRE.jpg\",\"contentUrl\":\"https:\\\/\\\/technikaprint.fr\\\/wp-content\\\/uploads\\\/2020\\\/04\\\/SOL-AU-CARRE.jpg\",\"width\":1705,\"height\":1705,\"caption\":\"Stand On Line \\\/ Technika-Print\"},\"image\":{\"@id\":\"https:\\\/\\\/technikaprint.fr\\\/#\\\/schema\\\/logo\\\/image\\\/\"},\"sameAs\":[\"https:\\\/\\\/www.facebook.com\\\/technikaprint\\\/\",\"https:\\\/\\\/www.linkedin.com\\\/in\\\/yann-phetsanghane-50763315b\\\/\"]}]}<\/script>\n<!-- \/ Yoast SEO plugin. -->","yoast_head_json":{"title":"Spot - Stand On Line - Gamme de spots pour mettre en valeur vos visuels","description":"Spot. Halog\u00e8ne ou LED, ils mettent en valeur vos stands parapluie et vos Roll-Up. Egalement pour \u00e9clairer les tableaux dans les galeries.","robots":{"index":"index","follow":"follow","max-snippet":"max-snippet:-1","max-image-preview":"max-image-preview:large","max-video-preview":"max-video-preview:-1"},"canonical":"https:\/\/technikaprint.fr\/index.php\/spot\/","og_locale":"fr_FR","og_type":"article","og_title":"Spot - Stand On Line - Gamme de spots pour mettre en valeur vos visuels","og_description":"Spot. Halog\u00e8ne ou LED, ils mettent en valeur vos stands parapluie et vos Roll-Up. Egalement pour \u00e9clairer les tableaux dans les galeries.","og_url":"https:\/\/technikaprint.fr\/index.php\/spot\/","og_site_name":"Stand On Line","article_publisher":"https:\/\/www.facebook.com\/technikaprint\/","article_modified_time":"2026-01-07T15:22:46+00:00","og_image":[{"width":856,"height":856,"url":"https:\/\/technikaprint.fr\/wp-content\/uploads\/2025\/02\/CARRE-SPOT-LED-1.jpg","type":"image\/jpeg"}],"twitter_card":"summary_large_image","twitter_misc":{"Dur\u00e9e de lecture estim\u00e9e":"2 minutes"},"schema":{"@context":"https:\/\/schema.org","@graph":[{"@type":"WebPage","@id":"https:\/\/technikaprint.fr\/index.php\/spot\/","url":"https:\/\/technikaprint.fr\/index.php\/spot\/","name":"Spot - Stand On Line - Gamme de spots pour mettre en valeur vos visuels","isPartOf":{"@id":"https:\/\/technikaprint.fr\/#website"},"primaryImageOfPage":{"@id":"https:\/\/technikaprint.fr\/index.php\/spot\/#primaryimage"},"image":{"@id":"https:\/\/technikaprint.fr\/index.php\/spot\/#primaryimage"},"thumbnailUrl":"https:\/\/technikaprint.fr\/wp-content\/uploads\/2025\/02\/CARRE-SPOT-LED-1.jpg","datePublished":"2020-04-08T14:00:11+00:00","dateModified":"2026-01-07T15:22:46+00:00","description":"Spot. Halog\u00e8ne ou LED, ils mettent en valeur vos stands parapluie et vos Roll-Up. Egalement pour \u00e9clairer les tableaux dans les galeries.","breadcrumb":{"@id":"https:\/\/technikaprint.fr\/index.php\/spot\/#breadcrumb"},"inLanguage":"fr-FR","potentialAction":[{"@type":"ReadAction","target":["https:\/\/technikaprint.fr\/index.php\/spot\/"]}]},{"@type":"ImageObject","inLanguage":"fr-FR","@id":"https:\/\/technikaprint.fr\/index.php\/spot\/#primaryimage","url":"https:\/\/technikaprint.fr\/wp-content\/uploads\/2025\/02\/CARRE-SPOT-LED-1.jpg","contentUrl":"https:\/\/technikaprint.fr\/wp-content\/uploads\/2025\/02\/CARRE-SPOT-LED-1.jpg","width":856,"height":856},{"@type":"BreadcrumbList","@id":"https:\/\/technikaprint.fr\/index.php\/spot\/#breadcrumb","itemListElement":[{"@type":"ListItem","position":1,"name":"Accueil","item":"https:\/\/technikaprint.fr\/"},{"@type":"ListItem","position":2,"name":"Spots"}]},{"@type":"WebSite","@id":"https:\/\/technikaprint.fr\/#website","url":"https:\/\/technikaprint.fr\/","name":"Stand On Line","description":"La boutique du Roll-up","publisher":{"@id":"https:\/\/technikaprint.fr\/#organization"},"potentialAction":[{"@type":"SearchAction","target":{"@type":"EntryPoint","urlTemplate":"https:\/\/technikaprint.fr\/?s={search_term_string}"},"query-input":{"@type":"PropertyValueSpecification","valueRequired":true,"valueName":"search_term_string"}}],"inLanguage":"fr-FR"},{"@type":"Organization","@id":"https:\/\/technikaprint.fr\/#organization","name":"Stand On Line \/ Technika-Print","url":"https:\/\/technikaprint.fr\/","logo":{"@type":"ImageObject","inLanguage":"fr-FR","@id":"https:\/\/technikaprint.fr\/#\/schema\/logo\/image\/","url":"https:\/\/technikaprint.fr\/wp-content\/uploads\/2020\/04\/SOL-AU-CARRE.jpg","contentUrl":"https:\/\/technikaprint.fr\/wp-content\/uploads\/2020\/04\/SOL-AU-CARRE.jpg","width":1705,"height":1705,"caption":"Stand On Line \/ Technika-Print"},"image":{"@id":"https:\/\/technikaprint.fr\/#\/schema\/logo\/image\/"},"sameAs":["https:\/\/www.facebook.com\/technikaprint\/","https:\/\/www.linkedin.com\/in\/yann-phetsanghane-50763315b\/"]}]}},"_links":{"self":[{"href":"https:\/\/technikaprint.fr\/index.php\/wp-json\/wp\/v2\/pages\/266","targetHints":{"allow":["GET"]}}],"collection":[{"href":"https:\/\/technikaprint.fr\/index.php\/wp-json\/wp\/v2\/pages"}],"about":[{"href":"https:\/\/technikaprint.fr\/index.php\/wp-json\/wp\/v2\/types\/page"}],"author":[{"embeddable":true,"href":"https:\/\/technikaprint.fr\/index.php\/wp-json\/wp\/v2\/users\/1"}],"replies":[{"embeddable":true,"href":"https:\/\/technikaprint.fr\/index.php\/wp-json\/wp\/v2\/comments?post=266"}],"version-history":[{"count":38,"href":"https:\/\/technikaprint.fr\/index.php\/wp-json\/wp\/v2\/pages\/266\/revisions"}],"predecessor-version":[{"id":3080,"href":"https:\/\/technikaprint.fr\/index.php\/wp-json\/wp\/v2\/pages\/266\/revisions\/3080"}],"wp:attachment":[{"href":"https:\/\/technikaprint.fr\/index.php\/wp-json\/wp\/v2\/media?parent=266"}],"curies":[{"name":"wp","href":"https:\/\/api.w.org\/{rel}","templated":true}]}}